ctors of o?
317
Let q = 11 + -6. Suppose q*j = g + 19, j - 5*g = 6*j - 25. Let i(k) = k**3 - 2*k**2 - 7*k + 5. List the prime factors of i(j).
3
Suppose -h - 2*h + 1017 = 3*t, -3*t + 4*h = -996. List the prime factors of t.
2, 3, 7
Let t be 42/(49/7) + -3. Suppose 0 = -o - 2*i + 11, -o - 4*o - 4*i = -49. What are the prime factors of t + (-30)/o*-12?
43
Let y(k) = 14*k + 2. Let x(d) = 43*d + 6. Let l(o) = 2*x(o) - 7*y(o). Let b be l(-6). Let r = -45 + b. What are the prime factors of r?
5
Let h be ((-204)/28 - -7) + 411/(-7). Let u = 126 + h. List the prime factors of u.
67
Let q(k) = -9*k**2 + 8*k - 13. Let n be q(3). What are the prime factors of 2*n*(-3)/4?
3, 5, 7
Suppose 4*x - 216 - 24 = 0. Suppose 2*v + 4*v + x = 0. Let g = v - -13. What are the prime factors of g?
3
Let x(z) = 5*z**3 + 2*z**2 - z + 3. Let y be x(3). Suppose -41 = 4*h - y. List the prime factors of h.
2, 7
Suppose i = 6*i. Let f be i*((-3)/(-2))/3. Suppose -4*q + 27 = -4*a + 211, -2*a + 3*q + 93 = f. List the prime factors of a.
3, 5
List the prime factors of 96348/49 - 28/98.
2, 983
Let s = -86 + 90. Suppose c = 3*k + 160, -s*c + 156 = -3*c - 4*k. What are the prime factors of c?
2, 43
Suppose -m + 516 = -5*l, -7*m - l = -3*m - 2148. List the prime factors of m.
2, 67
Suppose -6*t + t + 15 = 0. Suppose 0 = -4*a - 20, t*a - 19 = 2*s - 54. Suppose 3*k - 50 = s. List the prime factors of k.
2, 5
Suppose 3*z - 111 = 2*z. Suppose -3*m = -4*s + 2*m - 34, 0 = 4*s - 3*m + 30. List the prime factors of z/4 + s/8.
3
List the prime factors of 5 + (-165)/35 + (-18117)/(-21).
863
Let q(i) = 857*i + 10. What are the prime factors of q(3)?
29, 89
Let p = 9 + 1. Suppose 71 = 3*a - p. What are the prime factors of a?
3
Let x(h) = 234*h**2 - 2*h - 2. Let v be x(-1). Suppose -5*l - 2*c = -l - v, 5*l - 5*c - 300 = 0. What are the prime factors of l?
59
What are the prime factors of (16/(-6))/((-15)/41760*8)?
2, 29
Let p be 51/15 + 6/(-15). Let m be 3/(-6) - p/6. Let a = 31 - m. What are the prime factors of a?
2
Let p(z) = z**2 + 8*z - 2. Let j be p(-9). Suppose 2*o - j = 353. What are the prime factors of o?
2, 3, 5
Let c be 3/18 + 4/(-48)*38. Let k(u) = -2*u**3 + 3*u**2 + 5*u + 4. List the prime factors of k(c).
2, 5, 7
What are the prime factors of (-8)/(-16)*2308 + 4?
2, 3, 193
Let t = 66 + -51. Suppose t = 5*i, -4*a + 121 = a - 3*i. List the prime factors of a.
2, 13
What are the prime factors of 4169 - (-3)/((-3)/8)?
3, 19, 73
Let k = -6 + -1. Let n(g) be the third derivative of g**6/120 + 7*g**5/60 - 5*g**4/12 - 2*g**3/3 - 452*g**2 - 2. List the prime factors of n(k).
2, 3, 11
Let d(m) = -10*m**3 - 4*m**2 - m - 2. Let i = 38 + -40. List the prime factors of d(i).
2
Let x be (-452)/(-14) - 16/56. Suppose 0 = -l + 35 + x. What are the prime factors of l?
67
What are the prime factors of 10/(-15)*-861 + 0?
2, 7, 41
Let t(w) = -w**2 - 6*w - 5. Let s be t(-5). Suppose s = -5*u + 6*u - 61. Let l = u + -37. What are the prime factors of l?
2, 3
Suppose 5*y + 19883 = 22*i - 18*i, -5*y - 4967 = -i. What are the prime factors of i?
2, 11, 113
Let d(b) = -6*b**3 - 15*b**2 + 13*b - 7. List the prime factors of d(-7).
5, 7
Suppose 4429 + 1315 = 8*l. List the prime factors of l.
2, 359
Suppose 2*b - 4*b = -2*r + 12, -3*r + 9 = 0. Let v(k) = 5*k + 2. Let g be v(b). Let f = g + 27. What are the prime factors of f?
2, 7
Let w(q) = -2*q + 5. Let t be w(-4). Let r(x) = 2*x + 14. List the prime factors of r(t).
2, 5
Let j be (-8)/(-3) + 40/30. Let p(u) = 3*u. Let x be p(5). Suppose 119 = j*m + x. List the prime factors of m.
2, 13
Let v(y) = -y**3 + 18*y**2 - 13*y + 39. List the prime factors of v(17).
107
Let g be 62/(-2*(-1)/(-2)). Let a = -10 - g. List the prime factors of (a/2)/(-1 - -3).
13
Suppose -13 = -l - 3*k, -2*k = 4*l + l - 39. Suppose 85 + 104 = l*h. List the prime factors of (30/8)/(h/72).
2, 5
Let a(i) = i**2 + i - 4. Let o be a(0). Let d be 14/o*(-24)/(-12). Let f(u) = u**3 + 9*u**2 + 10*u + 2. What are the prime factors of f(d)?
2, 3, 5
Let h be 561/15 - 10/25. Suppose -41*a = -h*a - 188. List the prime factors of a.
47
Suppose 0 = 42*r + 25 - 229471. List the prime factors of r.
3, 607
Suppose 4*s - 102 = 278. What are the prime factors of s + 12/(-10)*60/(-18)?
3, 11
Suppose u = 2*z - 3*u + 10, 0 = 2*z - 5*u + 8. Let l = 14 + z. Suppose 76 = l*w + 21. List the prime factors of w.
11
Suppose 4*v - 60 = 3*f + f, 75 = -5*f - 5*v. Suppose -2*j + 5*y - 97 = -4*j, -4*j - 4*y = -164. Let q = j + f. List the prime factors of q.
3, 7
Let g = -37 + 87. What are the prime factors of ((-49)/(-14))/(1/g)?
5, 7
Let g = 51 + -11. Let v be 2/(-3) - g/(-15). Suppose -v*y - 3 = -3*y. What are the prime factors of y?
3
Suppose 5*s + 4*l - 114 + 378 = 0, 212 = -4*s - 4*l. Let z be 2/(-5) - (-284)/10. List the prime factors of (3 + z/(-8))*s.
2, 13
Let p = 4 + -3. What are the prime factors of (23 - -17) + (-4)/p?
2, 3
Let b = -229 + 373. List the prime factors of b.
2, 3
Let r = 138 + -136. List the prime factors of 0/(-8) - (-592)/r.
2, 37
Suppose 10*u - 1904 - 13786 = 0. List the prime factors of u.
3, 523
Let w = 3657 - 1677. What are the prime factors of w?
2, 3, 5, 11
Let h = -4017 + 5625. List the prime factors of h.
2, 3, 67
Let z(f) = f - 13. Let u be z(16). Suppose -u*v + 60 = v. Let r = 40 - v. List the prime factors of r.
5
Let x(k) = k**3 - 13*k**2 + k - 17. Let z be x(13). List the prime factors of 2912/144 - z/(-18).
2, 5
Let z = -127 + 1350. List the prime factors of z.
1223
Suppose -v = 3, n + 2*v = 368 - 121. What are the prime factors of n?
11, 23
Suppose 0 = -k - 5*v, 5*k + 3*v = 29 + 37. What are the prime factors of (212/10)/(3/k)?
2, 53
Let c(d) = -2*d**2 - d + 1. Let l be c(0). Suppose 0*s + 4*s = u - l, 2*u + 2*s = 22. What are the prime factors of u?
3
Let t = -30 - -32. Suppose -52 = r - t*r. List the prime factors of r.
2, 13
Let p be (-3350)/(-9) + ((-266)/63 - -4). Suppose -5*s + 4*y + 706 = 49, -3*s = 5*y - p. What are the prime factors of s?
3, 43
Let f = 2737 - 1609. What are the prime factors of f?
2, 3, 47
Let g(z) = 5*z**3 - 6*z**2 - 4*z + 2. Let j be 12/18 + 20/6. What are the prime factors of g(j)?
2, 3, 5, 7
Suppose 0*r + 5*r = -4*z + 579, 0 = 4*r - 3*z - 488. Let t = 130 + 37. Let o = t - r. List the prime factors of o.
2, 3
Let t = 5802 - 3717. What are the prime factors of t?
3, 5, 139
Let a(g) = 3*g**2 - 32*g + 175. What are the prime factors of a(7)?
2, 7
Suppose -54*f + 58259 = 6635. List the prime factors of f.
2, 239
Let z(r) = -r + 14. Let q be z(13). What are the prime factors of (-3 + (-51)/q)*-1?
2, 3
Let y be ((-15)/(-6))/(2/4). Suppose -41 = -u + 2*q, u - 23 = y*q + 12. Let b = u + -14. List the prime factors of b.
31
Let x(l) = 26*l + 37. Let g be x(-6). Let j = 198 + g. What are the prime factors of j?
79
Let x be -15*((-4)/6)/2. Suppose 2*y + y - 152 = -5*a, -2*y = -x*a + 132. Suppose -c + 3*c = a. What are the prime factors of c?
2, 7
Let h(s) = 7*s + 9. Let x(c) = c**2 + 12*c - 5. Let w be x(-13). What are the prime factors of h(w)?
5, 13
Let s be -3*(240/9 - 3). Let b = -16 - s. List the prime factors of b.
5, 11
Let b(j) = j**3 + 5*j**2 - 10*j - 9. Let a be b(-6). Let g = 72 - a. List the prime factors of g.
3, 19
Suppose -38*u - 229 = -39*u. List the prime factors of u.
229
Let b = 44 + -38. Suppose -2*o + 339 = -5*g, b*g - 5 = g. What are the prime factors of o?
2, 43
Let s(u) be the first derivative of -u**4/4 + 2*u**3 - 2*u**2 + 5*u + 2. Suppose 3*o - 2 = -5, 5*o - 10 = -3*p. What are the prime factors of s(p)?
2, 5
Let l = -19 - -21. Let o be 138 + (l - 2) + 1. Suppose 2*u + 2*p - 5*p - 102 = 0, 3*u - o = p. List the prime factors of u.
3, 5
What are the prime factors of (132*9/(-45))/(9/(-960))?
2, 11
Let o(m) = m**2 - 5*m - 4. Let r be o(6). Suppose -r = 4*f - 18. Let j(u) = u**2 - 2*u + 2. List the prime factors of j(f).
2, 5
Let m = -191 + 718. What are the prime factors of m?
17, 31
Let m = 651 - 204. Suppose 5*l = -0 - 25, 4*w = 3*l + m. List the prime factors of w.
2, 3
What are the prime factors of -2*(-27)/(-36) - (-12459)/6?
5, 83
Let q(g) = -g**3 - 2*g**2 + g. Let r(n) = n**3 - 9*n**2 + 7*n + 8. Let v be r(8). Let l be q(v). Suppose l = -4*c + 3*c + 56. What are the prime factors of c?
2, 7
Suppose -9*r + 5*r = -7780. What a